{"id":261,"date":"2025-02-07T17:17:23","date_gmt":"2025-02-07T17:17:23","guid":{"rendered":"https:\/\/mkastrologiaytarot.com.ar\/m\/services\/"},"modified":"2025-05-19T15:09:58","modified_gmt":"2025-05-19T15:09:58","slug":"curso-de-tarot-marselles","status":"publish","type":"page","link":"https:\/\/mkastrologiaytarot.com.ar\/m\/","title":{"rendered":"Curso de Tarot Marsell\u00e9s"},"content":{"rendered":"\n<div class=\"wp-block-uagb-container uagb-block-8ecd5811 alignfull uagb-is-root-container\"><div class=\"uagb-container-inner-blocks-wrap\">\n<div class=\"wp-block-uagb-advanced-heading uagb-block-13f2e88a\"><h1 class=\"uagb-heading-text\">Curso de Tarot Marsell\u00e9s<\/h1><\/div>\n<\/div><\/div>\n\n\n\n<figure class=\"wp-block-embed is-type-video is-provider-youtube wp-block-embed-youtube wp-embed-aspect-16-9 wp-has-aspect-ratio\" style=\"margin-top:var(--wp--preset--spacing--40);margin-bottom:var(--wp--preset--spacing--40)\"><div class=\"wp-block-embed__wrapper\">\n<div class=\"ast-oembed-container \" style=\"height: 100%;\"><iframe loading=\"lazy\" title=\"\u2728 Curso de Tarot de Marsella \u2013 Descubr\u00ed el Poder de los Arcanos \ud83d\udd2e \u00a1Inscribite Hoy!\" width=\"500\" height=\"281\" src=\"https:\/\/www.youtube.com\/embed\/JdoVlBqR10U?feature=oembed\" frameborder=\"0\" allow=\"accelerometer; autoplay; clipboard-write; encrypted-media; gyroscope; picture-in-picture; web-share\" referrerpolicy=\"strict-origin-when-cross-origin\" allowfullscreen><\/iframe><\/div>\n<\/div><\/figure>\n\n\n\n<div class=\"wp-block-uagb-call-to-action uagb-block-13956b7a wp-block-button\"><div class=\"uagb-cta__wrap\"><h3 class=\"uagb-cta__title\">Accede ahora al curso y comienza sin retrasos tu aprendizaje<\/h3><p class=\"uagb-cta__desc\"><strong>Bienvenido\/a este fabuloso camino espiritual y hol\u00edstico de la mano de Marcela Kesner<\/strong><br>CLASE POR CLASE O COMPLETO CON DESCUENTO Y TALLER DE RECURSOS DE ARMONIZACI\u00d3N DE \ud83c\udf81<\/p><\/div><div class=\"uagb-cta__buttons\"><a href=\"https:\/\/mkastrologiaytarot.com.ar\/producto\/curso-de-tarot-de-marsella\/\" class=\"uagb-cta__button-link-wrapper wp-block-button__link\" target=\"_self\" rel=\"noopener noreferrer\">Comienza ahora <svg xmlns=\"https:\/\/www.w3.org\/2000\/svg\" viewBox=\"0 0 512 512\"><path d=\"M504.3 273.6l-112.1 104c-6.992 6.484-17.18 8.218-25.94 4.406c-8.758-3.812-14.42-12.45-14.42-21.1L351.9 288H32C14.33 288 .0002 273.7 .0002 255.1S14.33 224 32 224h319.9l0-72c0-9.547 5.66-18.19 14.42-22c8.754-3.809 18.95-2.075 25.94 4.41l112.1 104C514.6 247.9 514.6 264.1 504.3 273.6z\"><\/path><\/svg><\/a><\/div><\/div>\n\n\n\n<div class=\"wp-block-uagb-container uagb-block-ed6f13b8 alignfull uagb-is-root-container\"><div class=\"uagb-container-inner-blocks-wrap\">\n<div class=\"wp-block-uagb-advanced-heading uagb-block-50fe1be9\"><p class=\"uagb-desc-text\">Todo en un curso 100% online &#8211; videos &#8211; material en pdf<\/p><h2 class=\"uagb-heading-text\">Descubre los misterios del tarot<\/h2><\/div>\n\n\n\n<div class=\"wp-block-uagb-container uagb-layout-grid uagb-block-c13f2f91\">\n<div class=\"wp-block-uagb-container uagb-block-f3bdc06a\">\n<div class=\"wp-block-uagb-image uagb-block-b33e1859 wp-block-uagb-image--layout-default wp-block-uagb-image--effect-static wp-block-uagb-image--align-none\"><figure class=\"wp-block-uagb-image__figure\"><img decoding=\"async\" srcset=\"https:\/\/mkastrologiaytarot.com.ar\/m\/wp-content\/uploads\/2025\/02\/pexels-photo-3363695.jpeg ,https:\/\/mkastrologiaytarot.com.ar\/m\/wp-content\/uploads\/2025\/02\/pexels-photo-3363695.jpeg 780w, https:\/\/mkastrologiaytarot.com.ar\/m\/wp-content\/uploads\/2025\/02\/pexels-photo-3363695.jpeg 360w\" sizes=\"auto, (max-width: 480px) 150px\" src=\"https:\/\/mkastrologiaytarot.com.ar\/m\/wp-content\/uploads\/2025\/02\/pexels-photo-3363695.jpeg\" alt=\"\" class=\"uag-image-2696\" width=\"374\" height=\"240\" title=\"service-01\" loading=\"lazy\" role=\"img\"\/><\/figure><\/div>\n\n\n\n<div class=\"wp-block-uagb-advanced-heading uagb-block-2d5baa62\"><h3 class=\"uagb-heading-text\"><strong>Autoconocimiento profundo<\/strong>:<\/h3><p class=\"uagb-desc-text\">Descubr\u00ed aspectos de tu personalidad, patrones y emociones que te ayudar\u00e1n a tomar mejores decisiones a nivel personal y a terceros.<\/p><\/div>\n\n\n\n<div class=\"wp-block-uagb-image uagb-block-c2e3f884 wp-block-uagb-image--layout-default wp-block-uagb-image--effect-static wp-block-uagb-image--align-none\"><figure class=\"wp-block-uagb-image__figure\"><img decoding=\"async\" srcset=\"https:\/\/mkastrologiaytarot.com.ar\/m\/wp-content\/uploads\/2025\/02\/pexels-photo-6512242.jpeg ,https:\/\/mkastrologiaytarot.com.ar\/m\/wp-content\/uploads\/2025\/02\/pexels-photo-6512242.jpeg 780w, https:\/\/mkastrologiaytarot.com.ar\/m\/wp-content\/uploads\/2025\/02\/pexels-photo-6512242.jpeg 360w\" sizes=\"auto, (max-width: 480px) 150px\" src=\"https:\/\/mkastrologiaytarot.com.ar\/m\/wp-content\/uploads\/2025\/02\/pexels-photo-6512242.jpeg\" alt=\"\" class=\"uag-image-2697\" width=\"374\" height=\"420\" title=\"service-04\" loading=\"lazy\" role=\"img\"\/><\/figure><\/div>\n\n\n\n<div class=\"wp-block-uagb-advanced-heading uagb-block-e199cdcf\"><h3 class=\"uagb-heading-text\"><strong>Desarrollo de la intuici\u00f3n<\/strong>:<\/h3><p class=\"uagb-desc-text\">Fortalec\u00e9 tu percepci\u00f3n y aprend\u00e9 a confiar en tu voz interior para cualquier situaci\u00f3n de la vida.<br>Utiliza este don para ayudar a los demas.<\/p><\/div>\n<\/div>\n\n\n\n<div class=\"wp-block-uagb-container uagb-block-0ed285ce\">\n<div class=\"wp-block-uagb-image uagb-block-306f0dee wp-block-uagb-image--layout-default wp-block-uagb-image--effect-static wp-block-uagb-image--align-none\"><figure class=\"wp-block-uagb-image__figure\"><img decoding=\"async\" srcset=\"https:\/\/mkastrologiaytarot.com.ar\/m\/wp-content\/uploads\/2025\/02\/pexels-photo-8391238.jpeg ,https:\/\/mkastrologiaytarot.com.ar\/m\/wp-content\/uploads\/2025\/02\/pexels-photo-8391238.jpeg 780w, https:\/\/mkastrologiaytarot.com.ar\/m\/wp-content\/uploads\/2025\/02\/pexels-photo-8391238.jpeg 360w\" sizes=\"auto, (max-width: 480px) 150px\" src=\"https:\/\/mkastrologiaytarot.com.ar\/m\/wp-content\/uploads\/2025\/02\/pexels-photo-8391238.jpeg\" alt=\"\" class=\"uag-image-2698\" width=\"374\" height=\"420\" title=\"service-02\" loading=\"lazy\" role=\"img\"\/><\/figure><\/div>\n\n\n\n<div class=\"wp-block-uagb-advanced-heading uagb-block-82ccb4ec\"><h3 class=\"uagb-heading-text\"><strong>Oportunidad profesional<\/strong>:<\/h3><p class=\"uagb-desc-text\">Convi\u00e9rtete en Tarotista Profesional y gener\u00e1 ingresos ayudando a otros con sesiones privadas, talleres o consultor\u00edas a cualquier ser humano del mundo con herramientas online.<\/p><\/div>\n\n\n\n<div class=\"wp-block-uagb-image uagb-block-a9488480 wp-block-uagb-image--layout-default wp-block-uagb-image--effect-static wp-block-uagb-image--align-none\"><figure class=\"wp-block-uagb-image__figure\"><img decoding=\"async\" srcset=\"https:\/\/mkastrologiaytarot.com.ar\/m\/wp-content\/uploads\/2025\/02\/pexels-photo-6944681.jpeg ,https:\/\/mkastrologiaytarot.com.ar\/m\/wp-content\/uploads\/2025\/02\/pexels-photo-6944681.jpeg 780w, https:\/\/mkastrologiaytarot.com.ar\/m\/wp-content\/uploads\/2025\/02\/pexels-photo-6944681.jpeg 360w\" sizes=\"auto, (max-width: 480px) 150px\" src=\"https:\/\/mkastrologiaytarot.com.ar\/m\/wp-content\/uploads\/2025\/02\/pexels-photo-6944681.jpeg\" alt=\"\" class=\"uag-image-2699\" width=\"374\" height=\"240\" title=\"service-05\" loading=\"lazy\" role=\"img\"\/><\/figure><\/div>\n\n\n\n<div class=\"wp-block-uagb-advanced-heading uagb-block-99ee72fd\"><h3 class=\"uagb-heading-text\"><strong><strong>\u00bfNecesito experiencia previa para hacer el curso?<\/strong> <\/strong><\/h3><p class=\"uagb-desc-text\"><strong>No, es ideal tanto para principiantes como para quienes desean profundizar en su conocimiento del Tarot.<\/strong><br>Solo tienes que animarte a comenzar.<\/p><\/div>\n<\/div>\n\n\n\n<div class=\"wp-block-uagb-container uagb-block-bd043692\">\n<div class=\"wp-block-uagb-image uagb-block-1f2d652d wp-block-uagb-image--layout-default wp-block-uagb-image--effect-static wp-block-uagb-image--align-none\"><figure class=\"wp-block-uagb-image__figure\"><img decoding=\"async\" srcset=\"https:\/\/mkastrologiaytarot.com.ar\/m\/wp-content\/uploads\/2025\/02\/pexels-photo-3088369.jpeg ,https:\/\/mkastrologiaytarot.com.ar\/m\/wp-content\/uploads\/2025\/02\/pexels-photo-3088369.jpeg 780w, https:\/\/mkastrologiaytarot.com.ar\/m\/wp-content\/uploads\/2025\/02\/pexels-photo-3088369.jpeg 360w\" sizes=\"auto, (max-width: 480px) 150px\" src=\"https:\/\/mkastrologiaytarot.com.ar\/m\/wp-content\/uploads\/2025\/02\/pexels-photo-3088369.jpeg\" alt=\"\" class=\"uag-image-2694\" width=\"374\" height=\"240\" title=\"service-03\" loading=\"lazy\" role=\"img\"\/><\/figure><\/div>\n\n\n\n<div class=\"wp-block-uagb-advanced-heading uagb-block-e88de9a1\"><h3 class=\"uagb-heading-text\">\u00bfPor qu\u00e9 este curso es para vos?<\/h3><p class=\"uagb-desc-text\">Quer\u00e9s descubrir el significado profundo de las cartas y aplicarlo a tu vida.<br>Sent\u00eds curiosidad por el Tarot, pero no sab\u00e9s por d\u00f3nde empezar.<br>Busc\u00e1s una herramienta de crecimiento personal, profesional y\/o espiritual.<\/p><\/div>\n\n\n\n<div class=\"wp-block-uagb-image uagb-block-bf855cb6 wp-block-uagb-image--layout-default wp-block-uagb-image--effect-static wp-block-uagb-image--align-none\"><figure class=\"wp-block-uagb-image__figure\"><img decoding=\"async\" srcset=\"https:\/\/mkastrologiaytarot.com.ar\/m\/wp-content\/uploads\/2025\/02\/pexels-photo-4790590.jpeg ,https:\/\/mkastrologiaytarot.com.ar\/m\/wp-content\/uploads\/2025\/02\/pexels-photo-4790590.jpeg 780w, https:\/\/mkastrologiaytarot.com.ar\/m\/wp-content\/uploads\/2025\/02\/pexels-photo-4790590.jpeg 360w\" sizes=\"auto, (max-width: 480px) 150px\" src=\"https:\/\/mkastrologiaytarot.com.ar\/m\/wp-content\/uploads\/2025\/02\/pexels-photo-4790590.jpeg\" alt=\"\" class=\"uag-image-2695\" width=\"374\" height=\"420\" title=\"service-06\" loading=\"lazy\" role=\"img\"\/><\/figure><\/div>\n\n\n\n<div class=\"wp-block-uagb-advanced-heading uagb-block-c1a85385\"><h3 class=\"uagb-heading-text\">Material Did\u00e1ctico<\/h3><p class=\"uagb-desc-text\">Recib\u00ed recursos y material exclusivo para profundizar tu conocimiento y pr\u00e1ctica del tarot de Marsella, en Formato PDF<br>Y podr\u00e1s acceder a las clases las veces que quieras.<\/p><\/div>\n<\/div>\n<\/div>\n<\/div><\/div>\n\n\n\n<div class=\"wp-block-uagb-testimonial uagb-slick-carousel uagb-tm__arrow-outside uagb-block-746ba0ae\"><div class=\"is-carousel uagb-tm__columns-1 uagb-tm__items\"><div class=\"uagb-testimonial__wrap  uagb-tm__imgicon-style-circle uagb-tm__image-position-bottom uagb-tm__bg-type-none \"><div class=\"uagb-tm__content\"><div class=\"uagb-tm__overlay\"><\/div><div class=\"uagb-tm__text-wrap\"><div class=\"uagb-tm__desc\">\u201cSiempre sent\u00ed curiosidad por el Tarot, pero no sab\u00eda por d\u00f3nde empezar. El curso grabado de Marcela fue una revelaci\u00f3n. Lo hice a mi ritmo, desde casa, y cada m\u00f3dulo me conectaba m\u00e1s con mi intuici\u00f3n. Hoy no solo leo las cartas, sino que tambi\u00e9n me leo a m\u00ed misma con amor y claridad.\u201d<\/div><div class=\"uagb-tm__meta-inner\"><div class=\"uagb-tm__image-content\"><div class=\"uagb-tm__image\"><img decoding=\"async\" class=\"uagb-tm-img-src\" src=\"https:\/\/mkastrologiaytarot.com.ar\/m\/wp-content\/uploads\/2025\/05\/1.jpg\" alt=\"\" width=\"60\" height=\"60\" loading=\"lazy\"\/><\/div><\/div><div class=\"uagb-testimonial-details\"><span class=\"uagb-tm__author-name\">Lucia, 39 a\u00f1os<\/span><span class=\"uagb-tm__company\">C\u00f3rdoba Capital<\/span><\/div><\/div><\/div><\/div><\/div><div class=\"uagb-testimonial__wrap  uagb-tm__imgicon-style-circle uagb-tm__image-position-bottom uagb-tm__bg-type-none \"><div class=\"uagb-tm__content\"><div class=\"uagb-tm__overlay\"><\/div><div class=\"uagb-tm__text-wrap\"><div class=\"uagb-tm__desc\">\u201cCre\u00ed que el Tarot era solo un hobby, pero este curso me cambi\u00f3 la mirada por completo. Aprend\u00ed simbolog\u00eda, tiradas y sobre todo, a confiar en lo que siento. Lo mejor: puedo volver a ver las clases cuantas veces quiera. \u00a1Gracias por compartir tanto conocimiento con tanta entrega!\u201d<\/div><div class=\"uagb-tm__meta-inner\"><div class=\"uagb-tm__image-content\"><div class=\"uagb-tm__image\"><img decoding=\"async\" class=\"uagb-tm-img-src\" src=\"https:\/\/mkastrologiaytarot.com.ar\/m\/wp-content\/uploads\/2025\/05\/3.jpg\" alt=\"\" width=\"60\" height=\"60\" loading=\"lazy\"\/><\/div><\/div><div class=\"uagb-testimonial-details\"><span class=\"uagb-tm__author-name\">Carla, 64 a\u00f1os<\/span><span class=\"uagb-tm__company\">Buenos Aires<\/span><\/div><\/div><\/div><\/div><\/div><div class=\"uagb-testimonial__wrap  uagb-tm__imgicon-style-circle uagb-tm__image-position-bottom uagb-tm__bg-type-none \"><div class=\"uagb-tm__content\"><div class=\"uagb-tm__overlay\"><\/div><div class=\"uagb-tm__text-wrap\"><div class=\"uagb-tm__desc\">\u201cEstaba en un momento de muchos cambios personales y sent\u00ed que el Tarot pod\u00eda ayudarme a entender. Con este curso, no solo aprend\u00ed a leer el Tarot de Marsella, sino que san\u00e9 muchas cosas en m\u00ed. Cada carta me habla, cada tirada me ense\u00f1a. \u00a1Lo recomiendo desde el alma!\u201d<\/div><div class=\"uagb-tm__meta-inner\"><div class=\"uagb-tm__image-content\"><div class=\"uagb-tm__image\"><img decoding=\"async\" class=\"uagb-tm-img-src\" src=\"https:\/\/mkastrologiaytarot.com.ar\/m\/wp-content\/uploads\/2025\/05\/2.jpg\" alt=\"\" width=\"60\" height=\"60\" loading=\"lazy\"\/><\/div><\/div><div class=\"uagb-testimonial-details\"><span class=\"uagb-tm__author-name\">Ana, 47 a\u00f1os<\/span><span class=\"uagb-tm__company\">Rosario<\/span><\/div><\/div><\/div><\/div><\/div><\/div><\/div>\n\n\n\n<div class=\"wp-block-columns has-border-color has-ast-global-color-1-border-color has-ast-global-color-7-background-color has-background has-medium-font-size is-layout-flex wp-container-core-columns-is-layout-b406c88e wp-block-columns-is-layout-flex\" style=\"border-width:8px;border-radius:22px;padding-top:var(--wp--preset--spacing--20);padding-right:var(--wp--preset--spacing--30);padding-bottom:var(--wp--preset--spacing--20);padding-left:var(--wp--preset--spacing--30)\">\n<div class=\"wp-block-column is-layout-flow wp-block-column-is-layout-flow\">\n<div class=\"wp-block-uagb-call-to-action uagb-block-8295e446 wp-block-button\"><div class=\"uagb-cta__wrap\"><h3 class=\"uagb-cta__title\">No est\u00e1s aqu\u00ed por casualidad<\/h3><p class=\"uagb-cta__desc\">Conecta son los misterios de los arcanos y revela todos sus mensajes<\/p><\/div><div class=\"uagb-cta__buttons\"><a href=\"https:\/\/mkastrologiaytarot.com.ar\/producto\/curso-de-tarot-de-marsella\/\" class=\"uagb-cta__button-link-wrapper wp-block-button__link\" target=\"_self\" rel=\"noopener noreferrer\">Comienza ahora<svg xmlns=\"https:\/\/www.w3.org\/2000\/svg\" viewBox=\"0 0 512 512\"><path d=\"M504.3 273.6l-112.1 104c-6.992 6.484-17.18 8.218-25.94 4.406c-8.758-3.812-14.42-12.45-14.42-21.1L351.9 288H32C14.33 288 .0002 273.7 .0002 255.1S14.33 224 32 224h319.9l0-72c0-9.547 5.66-18.19 14.42-22c8.754-3.809 18.95-2.075 25.94 4.41l112.1 104C514.6 247.9 514.6 264.1 504.3 273.6z\"><\/path><\/svg><\/a><\/div><\/div>\n<\/div>\n<\/div>\n\n\n\n<div style=\"height:16px\" aria-hidden=\"true\" class=\"wp-block-spacer\"><\/div>\n\n\n\n<div class=\"wp-block-uagb-marketing-button uagb-marketing-btn__align-center uagb-marketing-btn__align-text-center uagb-marketing-btn__icon-after uagb-block-992012f2 wp-block-button\"><a href=\"https:\/\/mkastrologiaytarot.com.ar\" class=\"uagb-marketing-btn__link wp-block-button__link\" target=\"_blank\" rel=\"noopener noreferrer\"><span class=\"uagb-marketing-btn__title\">conoce nuestra tienda<\/span><svg xmlns=\"https:\/\/www.w3.org\/2000\/svg\" viewBox=\"0 0 576 512\"><path d=\"M96 0C107.5 0 117.4 8.19 119.6 19.51L121.1 32H541.8C562.1 32 578.3 52.25 572.6 72.66L518.6 264.7C514.7 278.5 502.1 288 487.8 288H170.7L179.9 336H488C501.3 336 512 346.7 512 360C512 373.3 501.3 384 488 384H159.1C148.5 384 138.6 375.8 136.4 364.5L76.14 48H24C10.75 48 0 37.25 0 24C0 10.75 10.75 0 24 0H96zM128 464C128 437.5 149.5 416 176 416C202.5 416 224 437.5 224 464C224 490.5 202.5 512 176 512C149.5 512 128 490.5 128 464zM512 464C512 490.5 490.5 512 464 512C437.5 512 416 490.5 416 464C416 437.5 437.5 416 464 416C490.5 416 512 437.5 512 464z\"><\/path><\/svg><p class=\"uagb-marketing-btn__prefix\">promociones, lecturas, talleres y m\u00e1s<\/p><\/a><\/div>\n","protected":false},"excerpt":{"rendered":"<p>Curso de Tarot Marsell\u00e9s Todo en un curso 100% online &#8211; videos &#8211; material en pdf Descubre los misterios del [&hellip;]<\/p>\n","protected":false},"author":1,"featured_media":2750,"parent":0,"menu_order":0,"comment_status":"closed","ping_status":"closed","template":"","meta":{"_uag_custom_page_level_css":"","site-sidebar-layout":"default","site-content-layout":"","ast-site-content-layout":"default","site-content-style":"default","site-sidebar-style":"default","ast-global-header-display":"","ast-banner-title-visibility":"","ast-main-header-display":"","ast-hfb-above-header-display":"","ast-hfb-below-header-display":"","ast-hfb-mobile-header-display":"","site-post-title":"disabled","ast-breadcrumbs-content":"","ast-featured-img":"","footer-sml-layout":"","theme-transparent-header-meta":"","adv-header-id-meta":"","stick-header-meta":"","header-above-stick-meta":"","header-main-stick-meta":"","header-below-stick-meta":"","astra-migrate-meta-layouts":"default","ast-page-background-enabled":"default","ast-page-background-meta":{"desktop":{"background-color":"var(--ast-global-color-4)","background-image":"","background-repeat":"repeat","background-position":"center center","background-size":"auto","background-attachment":"scroll","background-type":"","background-media":"","overlay-type":"","overlay-color":"","overlay-opacity":"","overlay-gradient":""},"tablet":{"background-color":"","background-image":"","background-repeat":"repeat","background-position":"center center","background-size":"auto","background-attachment":"scroll","background-type":"","background-media":"","overlay-type":"","overlay-color":"","overlay-opacity":"","overlay-gradient":""},"mobile":{"background-color":"","background-image":"","background-repeat":"repeat","background-position":"center center","background-size":"auto","background-attachment":"scroll","background-type":"","background-media":"","overlay-type":"","overlay-color":"","overlay-opacity":"","overlay-gradient":""}},"ast-content-background-meta":{"desktop":{"background-color":"var(--ast-global-color-5)","background-image":"","background-repeat":"repeat","background-position":"center center","background-size":"auto","background-attachment":"scroll","background-type":"","background-media":"","overlay-type":"","overlay-color":"","overlay-opacity":"","overlay-gradient":""},"tablet":{"background-color":"var(--ast-global-color-5)","background-image":"","background-repeat":"repeat","background-position":"center center","background-size":"auto","background-attachment":"scroll","background-type":"","background-media":"","overlay-type":"","overlay-color":"","overlay-opacity":"","overlay-gradient":""},"mobile":{"background-color":"var(--ast-global-color-5)","background-image":"","background-repeat":"repeat","background-position":"center center","background-size":"auto","background-attachment":"scroll","background-type":"","background-media":"","overlay-type":"","overlay-color":"","overlay-opacity":"","overlay-gradient":""}},"footnotes":""},"class_list":["post-261","page","type-page","status-publish","has-post-thumbnail","hentry"],"uagb_featured_image_src":{"full":["https:\/\/mkastrologiaytarot.com.ar\/m\/wp-content\/uploads\/2025\/05\/1-1.jpg",1080,1350,false],"thumbnail":["https:\/\/mkastrologiaytarot.com.ar\/m\/wp-content\/uploads\/2025\/05\/1-1-150x150.jpg",150,150,true],"medium":["https:\/\/mkastrologiaytarot.com.ar\/m\/wp-content\/uploads\/2025\/05\/1-1-240x300.jpg",240,300,true],"medium_large":["https:\/\/mkastrologiaytarot.com.ar\/m\/wp-content\/uploads\/2025\/05\/1-1-768x960.jpg",768,960,true],"large":["https:\/\/mkastrologiaytarot.com.ar\/m\/wp-content\/uploads\/2025\/05\/1-1-819x1024.jpg",819,1024,true],"1536x1536":["https:\/\/mkastrologiaytarot.com.ar\/m\/wp-content\/uploads\/2025\/05\/1-1.jpg",1080,1350,false],"2048x2048":["https:\/\/mkastrologiaytarot.com.ar\/m\/wp-content\/uploads\/2025\/05\/1-1.jpg",1080,1350,false]},"uagb_author_info":{"display_name":"juanperon","author_link":"https:\/\/mkastrologiaytarot.com.ar\/m\/author\/juanperon\/"},"uagb_comment_info":0,"uagb_excerpt":"Curso de Tarot Marsell\u00e9s Todo en un curso 100% online &#8211; videos &#8211; material en pdf Descubre los misterios del [&hellip;]","_links":{"self":[{"href":"https:\/\/mkastrologiaytarot.com.ar\/m\/wp-json\/wp\/v2\/pages\/261","targetHints":{"allow":["GET"]}}],"collection":[{"href":"https:\/\/mkastrologiaytarot.com.ar\/m\/wp-json\/wp\/v2\/pages"}],"about":[{"href":"https:\/\/mkastrologiaytarot.com.ar\/m\/wp-json\/wp\/v2\/types\/page"}],"author":[{"embeddable":true,"href":"https:\/\/mkastrologiaytarot.com.ar\/m\/wp-json\/wp\/v2\/users\/1"}],"replies":[{"embeddable":true,"href":"https:\/\/mkastrologiaytarot.com.ar\/m\/wp-json\/wp\/v2\/comments?post=261"}],"version-history":[{"count":15,"href":"https:\/\/mkastrologiaytarot.com.ar\/m\/wp-json\/wp\/v2\/pages\/261\/revisions"}],"predecessor-version":[{"id":2754,"href":"https:\/\/mkastrologiaytarot.com.ar\/m\/wp-json\/wp\/v2\/pages\/261\/revisions\/2754"}],"wp:featuredmedia":[{"embeddable":true,"href":"https:\/\/mkastrologiaytarot.com.ar\/m\/wp-json\/wp\/v2\/media\/2750"}],"wp:attachment":[{"href":"https:\/\/mkastrologiaytarot.com.ar\/m\/wp-json\/wp\/v2\/media?parent=261"}],"curies":[{"name":"wp","href":"https:\/\/api.w.org\/{rel}","templated":true}]}}